 3*i + 24. Let b = 25 - 11. What is the highest common factor of d and b?
14
Suppose -2*f + 36 = -12*p + 9*p, 5*f + p = 56. Let l = -22 - -34. Calculate the greatest common factor of l and f.
12
Let y(i) = -i**2 + 15*i - 8. Suppose 4*a = 4*n + 28 + 24, -3*a - 3*n = -45. Let b be y(a). What is the greatest common factor of 54 and b?
6
Suppose 3*n = a - 6 - 20, -a - 4*n = -12. Calculate the highest common divisor of a and 460.
20
Let v = 57 - -3. Suppose v = 9*p - 5*p. What is the greatest common divisor of 1 and p?
1
Let y(m) = -110*m**3 + m + 1. Suppose 4*i + i + 5 = 0. Let g be y(i). Suppose 13*f = 15*f - 20. What is the greatest common factor of f and g?
10
Let d be ((-30)/(-25))/(-1 - 7/(-5)). Calculate the greatest common factor of 57 and d.
3
Let q = -33 - -35. Let u be 1/q + 50/4. Calculate the greatest common divisor of 65 and u.
13
Let x(y) = 2*y + 27. Let o(h) = 2 + h - 6 + 3. Let c(q) = -4*o(q) + x(q). Let a be c(9). What is the highest common factor of 91 and a?
13
Let u be ((-16)/6 - -2)/((-3)/(-36)). Let d = u - -21. Calculate the greatest common factor of d and 143.
13
Suppose 62*j - 22865 - 14025 = 0. What is the greatest common divisor of 7 and j?
7
Let c = -14 + 24. Let b be 0 + 5/(25/c). What is the greatest common factor of b and 22?
2
Let t(g) = -g**3 - 4*g**2 - 2*g - 6. Let c be t(-4). Suppose 6 = c*x - 0*x. Let b be x - (1 - (21 + 4)). What is the highest common divisor of b and 297?
27
Let d be 235/(-10)*(40/4 + -12). Calculate the greatest common factor of 799 and d.
47
Let d(q) = 53*q - 5. Let s be d(8). Let k = s - 265. What is the highest common factor of k and 22?
22
Let k be (-1)/1 - (-31 + -2). Let q = k + -31. What is the highest common factor of q and 7?
1
Suppose -2*t - 10 = -7*t - 4*i, 4*t - 3*i = 8. Suppose -2*r + 72 = 2*n, t*n = -n + 5*r + 84. Calculate the highest common factor of n and 11.
11
Let b be (252/(-168))/(1/38*-3). What is the greatest common factor of 779 and b?
19
Let p = -128 - -171. Let o = -2 - -12. Let c = p - o. Calculate the highest common factor of c and 22.
11
Let w = 3 + 0. Suppose -w*r + 58 = 25. Let p = 19 - r. Calculate the greatest common factor of 1 and p.
1
Suppose 5*d - 155 = -4*n, -25*n + 24*n - 40 = -d. Calculate the highest common factor of 140 and d.
35
Suppose -4*a = -100 - 124. Let q = 70 - a. Calculate the highest common divisor of q and 56.
14
Let b = -324 - -792. Calculate the highest common divisor of b and 52.
52
Let g(a) = 21*a + 5. Let y be g(6). Let h = 187 - y. Let d(r) = r**3 + 24*r**2 + 21*r - 32. Let n be d(-23). What is the greatest common factor of h and n?
14
Suppose 0 = -4*z + 24 + 176. Suppose 3*d - 731 = 769. Calculate the highest common divisor of d and z.
50
Suppose 2*a = -2*s - 24, 3*a - 6*s + 2*s + 50 = 0. Let c = 22 + a. Suppose c = m - 6. Calculate the greatest common factor of m and 21.
7
Suppose -13*t = 1739 + 1589. Let n = 360 + t. Calculate the greatest common factor of n and 26.
26
Let s(a) = a**3 - 3*a**2 + 4*a - 4. Let z be s(2). Suppose z = -3*r + 156 + 75. Calculate the highest common factor of 7 and r.
7
Let k be (-4)/(72/(-87)) + (-2)/(-12). What is the highest common divisor of 20 and k?
5
Let r(u) = u**3 + 53*u**2 - 54*u + 44. Let x be r(-54). Calculate the greatest common factor of x and 16.
4
Let l(y) be the first derivative of -2*y**3/3 - 5*y**2/2 - y + 3. Let i be l(-4). Let z = 31 + i. What is the greatest common divisor of z and 126?
18
Let t = 312 - 294. Let h = -48 + 84. What is the greatest common divisor of t and h?
18
Suppose 0*s = 4*s - 48. Suppose 0 = 3*b + 2*r - 134, 4*b + 0*b - 212 = 4*r. What is the highest common divisor of s and b?
12
Let h(x) = 24*x + 3. Let i be h(-3). Let p = i + 99. Calculate the highest common factor of 270 and p.
30
Let h(a) = 18*a**2 + a - 2. Let o be h(-2). Let s(j) = -27*j - 41. Let f be s(-7). Let d = f - o. What is the highest common factor of d and 32?
16
Let d = 471 - 449. Calculate the greatest common factor of d and 594.
22
Let h = -15 + 77. Let r = h - -53. Calculate the highest common divisor of r and 23.
23
Let z be 1 + -2 + 8 + -5. Let f(b) = 42*b**2 + 3*b - 6. Let c be f(z). What is the highest common factor of 21 and c?
21
Suppose -2*j + 9*a - 5*a = -670, 4*j = -a + 1367. Calculate the highest common divisor of 11 and j.
11
Suppose 5*v + 48 = -17. Let t be 4/(v/5 - -3). Let o be 2/3 + (-328)/(-3). Calculate the greatest common factor of o and t.
10
Let l(m) = -m**3 - 2*m**2 + 8*m - 3. Let f be l(-5). Calculate the greatest common factor of f and 8.
8
Suppose 0 = 4*r - 3*t + 8*t - 22, 0 = -r - 5*t - 2. Let m be (5/(-2))/(r/(-176)). What is the greatest common divisor of m and 22?
11
Suppose -24*o + 13*o + 561 = 0. What is the highest common factor of o and 17?
17
Let h be -3 - 541/(-4) - (-2)/(-8). What is the greatest common factor of 154 and h?
22
Let a be (-4440)/(-56) + 1 - 8/28. Calculate the greatest common divisor of a and 2000.
80
Let z(s) = -s - 12. Let g be z(-10). Let l(m) = -14*m**3 + 2*m**2 + m + 3. Let o be l(g). What is the greatest common divisor of o and 11?
11
Let o be (-3)/(-9)*3 - (-2 + -18). Let t be (-12)/(-18) + 565*2/6. Calculate the highest common factor of o and t.
21
Let a = 407 + 213. Calculate the highest common divisor of 496 and a.
124
Suppose -5*i - 5*l + 190 = -7*l, 4*i = 4*l + 164. What is the greatest common divisor of 9 and i?
9
Let m(l) = l + 12. Let h be m(11). Suppose -2*z - 4*v = -h - 13, 2*z = v + 61. Calculate the greatest common divisor of z and 7.
7
Suppose 70 = 5*n - 80. Suppose 4*s + l = -0*l + 141, 4*s = -4*l + 132. Suppose -4*k = 2*k - s. What is the highest common factor of k and n?
6
Let h = -571 - -611. Calculate the highest common divisor of 1260 and h.
20
Let l = 26 - 23. Suppose -l*t = 21 - 129. Let w = -198 - -288. Calculate the highest common divisor of w and t.
18
Suppose 25*n + 454 = 33*n - 5*c, -122 = -2*n - 3*c. What is the greatest common factor of n and 2?
2
Let x(d) = -d**2 + 7*d. Suppose 10 = 2*b + 2*y, y + 18 = 2*b - y. Let s be x(b). Let m = 110 - s. Calculate the greatest common factor of m and 44.
22
Let s(u) = -u**2 + 11*u + 2. Let b be s(11). Suppose b*f = 7*f - 580. Let r be (3 - 0) + 0 + f. What is the highest common divisor of 17 and r?
17
Let n be 57/4 + 2/(-8). Suppose -4*r + 84 = -76*j + 73*j, -21 = -r - 4*j. Calculate the greatest common divisor of r and n.
7
Suppose 3*s - 3 = -0*s. Suppose 0 = -35*r - 17 + 52. What is the greatest common factor of r and s?
1
Suppose -5*y + 1468 = 3*l, -20*y + 24*y = -l + 1180. What is the highest common divisor of y and 37?
37
Let j = -494 - -506. Let n = -96 - -144. What is the highest common divisor of j and n?
12
Suppose -147 = -6*r + 9. What is the greatest common factor of 221 and r?
13
Suppose 72 = -3*o + 6*o. Let b = -15 + o. Let q be 269/b + (-3)/(-27). What is the highest common factor of 6 and q?
6
Let u = 56 - 54. Suppose u*o + 0*z - 4*z = 4, -o + 3*z = 2. What is the greatest common factor of 110 and o?
10
Let g(v) = v**3 - 23*v**2 + 4*v - 21. Let p be g(23). Calculate the greatest common factor of 1491 and p.
71
Let l(p) = -2*p**2 + 6*p + 9. Let h be l(7). Let y = 183 + h. Suppose 97*o = 377 + 1272. What is the greatest common factor of o and y?
17
Suppose -479*v = -473*v - 174. Calculate the highest common factor of v and 841.
29
Suppose 48*r = 33*r + 90. Suppose 4*y = u - 4 - 14, -3*u = -4*y - 78. What is the greatest common factor of u and r?
6
Suppose -c = h + 3*c - 14, -c + 4 = 0. Let a = h + 32. Suppose m - 4*j = 80 - 66, -5*j + 5 = m. What is the highest common factor of m and a?
10
Let s(x) = -x + 32. Let j be s(26). What is the greatest common factor of 342 and j?
6
Let w be 1/(-3*(-3)/(-45)). Let m = w - -6. Let l be 4/(-1 + 2) - -1. Calculate the highest common factor of l and m.
1
Let b(g) = g**2 - 5*g - 35. Let m be b(-17). What is the greatest common divisor of 1130 and m?
113
Let d(q) = -q**3 + 9*q**2 + 24*q - 10. Let p be d(11). What is the highest common factor of p and 102?
6
Suppose 3*q = -2*d + 437 - 81, d - 483 = -4*q. What is the highest common factor of 8 and q?
2
Suppose -8*p + 12*p - 1012 = 0. Let f = 116 - 93. Calculate the greatest common divisor of f and p.
23
Let z be (-15 - 73)*(-1)/2. What is the greatest common divisor of 3